?
14
-4 + -10 + 7 + (28 - 14)
7
Calculate 2 + 3 - (-8 + 9 + -3) - 7.
0
Calculate 9 - 1 - (-16 - (-23 - -16)).
17
Evaluate -26 + 21 - -9 - (1 - -4).
-1
Calculate -45 + 22 + 12 + -1 + 8 + 20.
16
What is the value of -1 + (-13 - -4) + 8 - -1 - -5?
4
9 + (-35 + 29 - -19)
22
Evaluate -150 + 183 - (5 - -29).
-1
96 + -78 - (-1 + 7)
12
What is the value of (-10 - (-29 + 22)) + 10?
7
What is 18 + 1 + -112 + 98?
5
What is -1 - 8 - (156 + -158)?
-7
-17 + -43 + 75 + (1 - (-1 - -2))
15
Evaluate -3 + (28 - 44) + 39.
20
Evaluate 8 - (1 - -2 - (23 - (-24 + 46))).
6
What is (-10 - -40 - (0 + 4)) + -9 - -3?
20
Evaluate 26 - (16 + -25 + 34).
1
What is -6 + 1 + -4 + 0 + 0 + 9?
0
Evaluate -22 + 46 + 11 + -19.
16
Calculate 12 - (-8 - 0 - (-44 + 36)).
12
5 + (2 - (-3 - -7) - (-9 - -27))
-15
Calculate 6 + 5 + -5 - (-3 + -4 + 1).
12
-15 - (22 - (-21 + 42))
-16
Calculate (10 - 21) + -17 + 18 + (4 - 1).
-7
13 + (4 - 8) + -2 + 3
10
12 - (25 + -9 + -3)
-1
What is -10 - -3 - 1 - (-76 + 54)?
14
Evaluate 3 + -1 + -13 + 6 - 3 - 10.
-18
What is (-8 + (-8 - -24) - 1) + 1?
8
Evaluate 77 + -25 + -57 + -30 + (1 - 1).
-35
What is the value of (43 - 101) + (44 - 3)?
-17
What is the value of (-34 + -9 - -33) + 16?
6
Calculate (2 - (-1 - -1)) + (20 - 36 - -5).
-9
What is 3 - (-10 - -1 - (-48 - -41))?
5
Evaluate 0 + (-7 - -14) - 9.
-2
What is the value of -5 + -3 + 1 - (3 + 3)?
-13
Evaluate -6 - (10 + (-1 - 10)).
-5
Calculate -9 + 10 - (-2 + -7) - (-1 + 2).
9
(7 - -1) + -2 - -14 - (0 + 5)
15
Calculate 1 + (-1 - (7 - 13) - -6).
12
Calculate -3 - (-2 + 3 + -12).
8
-1 + (-5 - (-14 - -8) - -3 - -6)
9
Evaluate 31 + -21 + (0 - (1 - -21)).
-12
(2 - 7) + (5 - (-4 + -4))
8
What is -222 + 272 - (15 + -1) - 11?
25
What is (-44 - 3) + 0 + (-323 - -341)?
-29
Evaluate 33 + 17 + -6 + -13.
31
Calculate -12 + (-9 - -2) + (0 - (-1 + 2)).
-20
What is (-2 - (-22 + 2)) + (53 - 59)?
12
What is -1 + (6 - (3 + 0)) + (434 - 462)?
-26
What is (-32 + 67 - 26) + -5 + 1 + -18?
-13
What is the value of 320 + -327 + (-9 - 0) + -1?
-17
What is 6 + -15 + (-54 - -60) - (-10 - 3)?
10
What is the value of (1 - (0 + 1)) + 524 + -522?
2
What is 127 + -122 + -13 + 0?
-8
What is 0 - ((-7 - -37) + -11) - 5?
-24
Evaluate 18 - (10 - (-6 + 10) - -8).
4
12 - (32 - 11 - 6)
-3
Calculate 3 + 2 - (0 - -8 - (2 - -15)).
14
What is the value of (11 - (43 - 17)) + (-4 + 1 - 7)?
-25
What is -14 + 4 + (6 - (-3 + 2) - 9)?
-12
Evaluate (-10 - 29) + 12 + 14.
-13
-34 + -4 + (-11 - -5 - -13 - -8)
-23
Calculate 18 + -2 + -2 + -1.
13
Evaluate -20 + (32 - 16) - -1.
-3
Calculate 20 + -12 + (2 - (-15 + -5 + 7)).
23
Evaluate 1 + -5 - (138 + -156).
14
(1 - 14) + -18 + 24 - 6
-13
Evaluate (-17 + 8 + 18 + -7 - -6) + 4.
12
Calculate 13 + (4 - ((5 - 8) + 1) - 6).
13
What is the value of -21 - (-42 - (-15 + -2))?
4
(17 - 16 - 16) + (-1 - -7)
-9
-9 + 13 + -6 + (-3 - 0 - -2)
-3
What is the value of 9 - (-1 + (21 + -8 - 5))?
2
Calculate 6 + 25 + -36 + (-11 - 0).
-16
Evaluate -45 + 68 - (9 - -1).
13
What is the value of -8 + (1 - 4) + 4 - 5?
-12
15 + -2 + -9 - (-11 + 28)
-13
Evaluate -25 - ((-13 - 1) + 6 - -1).
-18
Evaluate (2 - 14) + -15 + 28.
1
Calculate 4 + (-10 - 10 - -10) - -9.
3
Evaluate 55 - 57 - (8 - 1) - 12.
-21
7 - -6 - (15 - (13 + -14))
-3
What is (15 - -14) + 2 + (2 - 6)?
27
What is the value of -13 + 23 + 3 + 16?
29
Calculate 1 + 1 + 3 + 4.
9
Calculate 22 - -47 - 57 - (-1 - (-8 - 2)).
3
22 - ((-19 - -27) + 19)
-5
Evaluate 0 - -14 - (19 + 47 - 84).
32
What is the value of 1 + 0 - (8 + (7 + -17 - 3))?
6
Evaluate 17 + (-22 - -41 - 31).
5
(1 + 2 - -2) + (13 - (-9 - -17))
10
Evaluate (14 - -5) + -12 + 5 + -2.
10
Evaluate -118 + 104 - (-2 - (1 - -1)).
-10
What is the value of (27 - 16) + -55 - -46?
2
What is the value of (1 - 24) + (-5 - 4 - 1 - -1)?
-32
2 - (1 + -3 + 2)
2
-23 + 13 + -9 + 20
1
What is the value of -7 - -4 - (4 + 0) - (-5 + 15)?
-17
Evaluate -14 + -16 + 36 + -12.
-6
What is (15 + -29 - -14 - 0) + -26?
-26
What is the value of -18 - (-17 + 13 + -14)?
0
Calculate -21 - (-6 + 5 + -10).
-10
What is the value of 2 - (16 - (1 + 3 + 0 + -5))?
-15
What is 1 + -1 + (17 + -15 - 17) - -3?
-12
What is 0 + -4 + (-29 - ((2 - 12) + -3))?
-20
4 - (-6 + (-5 - -1) - -16)
-2
Calculate 19 + 26 + 31 + -87.
-11
What is (-13 - -1) + 45 + 11 + -42?
2
What is (15 - (15 - 8)) + -9?
-1
What is -4 + -6 - (1 + -6 + 8 + -8)?
-5
What is (-9 + 1 - 8) + (0 - -2) - -1?
-13
What is the value of (30 - 9 - 16) + -1 + 1 + -13?
-8
(-14 - -32) + (5 - 1 - 3 - 5)
14
Calculate 15 + -31 + 16 + -11.
-11
Evaluate 29 + -153 + 139 + -2 + 7.
20
-9 - ((-23 - -12) + 14 + -7 - -11)
-16
What is the value of 1 + -3 - 4 - (31 - (82 - 13))?
32
Evaluate ((0 - -3) + -59 + 56 - -7) + -1.
6
Calculate (2 - 4) + -89 + 73.
-18
What is the value of -23 + 60 + -37 + -9?
-9
Evaluate -1 + (8 - 1) - (25 + -71 + 40).
12
What is 121 - 125 - (-1 - (-3 - 11))?
-17
What is ((-1 - -6) + -1 - 14) + -4?
-14
What is the value of 2 + -23 + 0 - (-12 + 1)?
-10
What is the value of (-1 - (-10 + -1)) + 25 - 13?
22
What is -16 + 10 - ((66 - 66) + 1 + 9)?
-16
Evaluate (-20 + 43 - 30) + 2 + 14 + 2.
11
Calculate 14 - (-5 + 23 + -3).
-1
Evaluate (-1 - (4 + 0)) + -149 + 144 - -46.
36
What is (18 - -4) + 15 + -2 + -12 + 4?
27
(16 - (-3 - -8)) + (-2 + -5 - 0)
4
Calculate -398 + 416 - (-1 - 0).
19
Calculate (18 - -1) + -11 + (12 - 8) + 1.
13
Calculate (14 + -3 - 3) + 5.
13
What is -44 - (11 + 28 + -52)?
-31
What is the value of -69 - -75 - (-2 - -1 - -3) - 13?
-9
What is the value of -125 - -139 - (7 + 3)?
4
What is the value of -19 - (-26 - (-17 - -11))?
1
What is the value of -21 + (-21 + 18 - -33)?
9
What is 2 - (-1 + 1 + (10 + -8 - 0))?
0
What is the value of 0 - 9 - (-40 + 23 + 12)?
-4
420 + -380 - (-4 - -13)
31
Evaluate -6 - (-13 + 3 - (17 - 34)).
-13
0 + (-9 - -1) - (-27 + 14 + -13)
18
15 - (19 + -34 - -12)
18
Calculate -7 - (3 + 3 + -23).
10
What is the value of (-9 + 9 + -16 - -16) + -16?
-16
What is the value of -1 + 6 - ((-6 - 1) + 20)?
-8
What is -10 - (12 - 10) - (-1 + -1 - 16)?
6
Calculate -6 - (-27 - (14 + -13 + (0 - 5))).
17
What is the value of -62 + 32 - (-35 - -7)?
-2
Evaluate 63 + -42 + -3 + -5.
13
What is the value of 14 + (3 - 19) + -8?
-10
-4 + (-9 - -8) + 9 + -3
1
Evaluate (2 - ((-4 - -34) + -2)) + (116 - 111).
-21
4 - -1 - (-5 - (-6 - 3) - -8)
-7
Evaluate (3 - 15) + 1 + -5 - -10.
-6
735 + -723 + 2 + (2 - (0 + -3))
19
Calculate -1875 - -1871 - ((0 - -1) + -2 - 0).
-3
What is (1 - (1 + 5)) + -10 + (-3 - -2)?
-16
What is -1 - -14 - (-832 + 844)?
1
Evaluate -11 + (-5 - (-11 + 0 + 6 + 7)).
-18
Calculate 856 - 886 - (-8 - -1).
-23
-1 + 7 - (-7 - (13 - 13) - -7)
6
What is the value of 1 + 6 - (-13 - -5 - -11)?
4
Evaluate -3 - (5 + (-2 + 3 - -13 - 1)).
-21
What is 20 - (9 - 17) - 20?
8
(4 - (4 - 9)) + 5 + -8 + 3
9
What is the value of (19 - 6) + -16 + 32 + -12?
17
Calculate (-13 - -7) + -4 - (-22 - -3).
9
Calculate -8 + (16 - (-7 - -5)) - (-25 - -28).
7
What is (46 - (-2 + 31)) + 10?
27
What is -21 + -3 + 16 + -8 + 3?
-13
2 + 3 - -1 - (0 - 19 - -14)
11
What is the value of 230 + -215 - (22 - -1) - (1 - -6)?
-15
Evaluate -47 + 2 - (-97 - -78).
-26
Evaluate -1 + 48 - (203 + -173).
17
Evaluate (-2 - 7) + -6 + 21.
6
Calculate 123 + -101 + (-13 - 0) + 3 + -1.
11
What is the value of -7 - (2 - 2) - -2 - (0 - -6)?
-11
Evaluate 4 - (20 + -22 - -15).
-9
What is the value of -8 + (5 + 1 - ((-33 - 6) + 38))?
-1
-23 - -51 - 25 - (-3 + -1)
7
Calculate -35 + 33 + (0 - -1 - 7) + 4.
-4
(2 - (4 - -11 - 13)) + -3 + 9
6
Calculate -1 + 4 + 34 + -41.
-4
What is the value of 5 + -4 + 1 + 6 + 19 + -19?
8
Calculate -11 - 2 - (28 + -49 - -9).
-1
Calculate 12 - (14 + -4) - -16 - 4.
14
1 + (5 - 3) + 12 + 17 + -28
4
(-16 - -11) + 25 + -31 + 2 + -1
-10
Calculate -6 + (-6 - -3) + -23 + (14 - 9).
-27
What is (1 - 7) + (730 - 708) + -1 + -11?
4
Evaluate -6 + -3 + 22 + 0.
13
(-50 - -19) + -1 - -17
-15
What is 7 + (-9 - (14 - (7 - (2 - 1))))?
-10
What is -1 + 4 + -2 + (40 + -1 - 61)?
-21
What is -3712 + 3724 + (-48 - (0 + -1))?
-35
Calculate -25 + (-24 - -14 - -17) - (-2 + 7).
-23
(-7 - -1) + 59 + -67 + 11 + -5
-8
16 + -4 - 12 - -14
14
12 + 3 + 3 + -18
0
Calculate (0 - -23) + (921 - 951).
-7
Evaluate -40 - (4 + -1 + (24 - 37)).
-30
Evaluate -5 + (6 - (-5 - -7) - -8) + 8.
15
-1 + 2 + -4 + 6 + -3
0
Evaluate 6 + 10 + (31 - 63 - -15).
-1
What